-78)/(-4) + 5/(-10). What is the greatest common factor of 95 and y?
19
Suppose 0 = 2*l - f - 47, 6 + 108 = 4*l + 2*f. Let g = l - 11. Let j = 1 + 14. Calculate the highest common divisor of j and g.
15
Let h(m) = 3*m**2 + 7*m. Suppose -3*f + l = -19, f = 3*l + 8 + 9. Let r be h(f). Calculate the highest common factor of 10 and r.
10
Suppose -k + 41 - 11 = 0. Calculate the highest common divisor of k and 150.
30
Let j(x) = x**3 + 6*x**2 - 11*x + 7. Let c be j(-7). Calculate the greatest common factor of 15 and c.
5
Let o be -4*-2*(-2)/(-4). Let r = -9 - -13. Suppose 4*y - 3*y + r = 0, 0 = o*a + 4*y - 80. What is the greatest common factor of a and 6?
6
Suppose 2*d + 23 = 5*p, -5*d + 4*p - 14 = 1. Calculate the greatest common factor of 13 and d.
1
Let v(d) = 9*d + 4. Let p be v(2). Calculate the highest common factor of 154 and p.
22
Suppose -2*u - 9 = -0*u - 3*i, 3*i + 3 = -2*u. Let w = u + 6. Suppose -2*m - w*m + 585 = 0. Calculate the highest common factor of 13 and m.
13
Let l(f) = f + 15. Let p = 8 + 4. Let j be l(p). Suppose 3*v - 4*k - 30 - 6 = 0, -3*v = -k - j. Calculate the highest common factor of v and 4.
4
Let z(h) = -50*h. Let q be z(-1). Suppose 17 = 6*o - 13. What is the greatest common divisor of o and q?
5
Let l be ((-3)/2)/(1/(-4)). Let o be 0 + -2 - (-420)/3. Let d = -84 + o. What is the highest common factor of l and d?
6
Let g = 84 + -44. Suppose -4*d = 2*o - 9 - 5, 5*o = -d + 26. Suppose -o*t = -13 - 37. What is the greatest common divisor of t and g?
10
Let k be 20/(-90) + (-119)/(-9). Let r = k - -3. What is the highest common factor of r and 8?
8
Let x be (-6292)/(-36) + 2/9. Calculate the greatest common factor of x and 7.
7
Let o(c) = c**2 - c - 3. Let j be o(-3). Let s = -4 + j. Let n(y) = y**3 + 2*y**2 + 3*y + 1. Let t be n(3). What is the highest common factor of t and s?
5
Suppose 0 = -5*w + 3*d + 87, -2*w - 6*d + 3*d + 18 = 0. Calculate the greatest common divisor of w and 165.
15
Suppose -4*g - 4*o = 16, -o - o = g + 4. Let b be (-188)/(-6) - g/6. What is the highest common divisor of b and 8?
8
Let j(d) = 17*d - 1. Let m be j(2). Let a = m + 9. Calculate the highest common divisor of a and 6.
6
Let b(i) = -i + 5. Let z be b(7). Let u be 1/z - (-84)/8. Calculate the highest common factor of u and 70.
10
Suppose -3*x = 4*c - 72, 51 = 6*c - 3*c + 3*x. Calculate the highest common divisor of c and 42.
21
Let m be 2/(-6) - 275/3. Let x = m + 147. What is the highest common divisor of 22 and x?
11
Let d = 4 + -6. Let i be d/6*33/(-1). Suppose -52 - 168 = -4*p. What is the greatest common divisor of i and p?
11
Suppose 2*i - 4*i = -4. Suppose i*s - 152 = 4*b, 0 = 2*b - 3*b + 4*s - 52. Let h be (-3 + -22)*b/10. What is the highest common divisor of h and 18?
18
Suppose 18 = 3*t - 4*f - 30, 2*t + 3*f = 32. Let k(n) = -3*n - 2. Let v be k(-2). What is the highest common factor of t and v?
4
Let o be -1 - (-26 - 1/1). Let n = 27 - -12. What is the greatest common divisor of o and n?
13
Let q be 34/4 + (-1)/2. Let r be ((-27)/6)/(9/132). Let y be (-4212)/r - (-2)/11. What is the highest common factor of q and y?
8
Suppose -29 = -5*i - 2*v, i + 4*v = 3*i - 26. Calculate the greatest common factor of i and 63.
7
Let x = 6 + -12. Let i(q) = -q**2 + 4*q + 1. Let g be i(4). Let f be 0/g - (x + 1). Calculate the highest common factor of 5 and f.
5
Suppose 5*w - 3 = 7. Suppose -w*a + 72 = -124. Let f = 35 + -21. Calculate the greatest common factor of f and a.
14
Suppose 3*q - 66 = 5*m, -2*m = 5*q - 5*m - 110. Let b(s) = 7*s**2 + 6*s. Let d be b(-4). What is the highest common factor of q and d?
22
Let a(u) = u**2 + 2. Suppose -2 = -2*z + 3*z. Let b be a(z). Calculate the highest common factor of 42 and b.
6
Let v be (-11 + -3)/(2/2). Let u be (-4)/10 - (-666)/15. Let k = u + v. What is the highest common divisor of k and 15?
15
Suppose 4*d - 63 = 33. Suppose -3*x = x - d. Suppose -3*g + x = 2*p - 5, -34 = -4*p - 2*g. Calculate the greatest common divisor of p and 20.
10
Suppose -7*n + 336 = -0*n. What is the highest common factor of n and 16?
16
Let o be 7*-3*-1*18. Let j be o/12*4/6. What is the greatest common divisor of j and 3?
3
Suppose x = 3*o + 2*o - 454, -5*o + 5*x + 470 = 0. Calculate the greatest common divisor of o and 18.
18
Let w = 124 - 69. Calculate the greatest common factor of w and 44.
11
Let a be ((-165)/(-22))/((-2)/(-4)). What is the highest common factor of 165 and a?
15
Suppose -2*y + 396 = y. What is the highest common divisor of y and 12?
12
Suppose 4*r = 3*h - r - 560, 0 = 4*h - 3*r - 754. Calculate the highest common factor of 38 and h.
38
Suppose -f = -21*f + 20. Suppose 0 = -2*r - 8, -2*m - 2*r - 36 = r. Let i be 2/8 - 21/m. What is the greatest common divisor of i and f?
1
Let n(z) = -z**2 + 7*z. Let j be n(7). Suppose 2*w + 40 + 74 = j. Let a = -13 - w. Calculate the greatest common divisor of a and 4.
4
Let x = -5 - -22. Let q = 33 - -1. What is the greatest common factor of q and x?
17
Suppose 0 = -5*z - b + 215, z = -4*z + b + 205. Calculate the highest common factor of z and 14.
14
Let v(a) = -4*a. Suppose -5*k - 4*r - 17 - 14 = 0, -2*r = 4*k + 20. Let h be v(k). Calculate the highest common factor of 60 and h.
12
Let k be 70*1*(-2)/(-2). Calculate the highest common divisor of 14 and k.
14
Suppose l - 20 = h - 6*h, 5*h = -3*l + 30. Suppose 0 = -l*c - 0*c + 40. Let p = 8 + 80. What is the highest common divisor of c and p?
8
Let i be ((-4)/(-3))/((-8)/(-12)). What is the greatest common factor of i and 2?
2
Suppose -t = 3*m - 10, -6*m + 4*m + 7 = t. Suppose m*k - 10 = -2*g - 0*g, -4*k - 25 = -5*g. What is the greatest common factor of g and 20?
5
Let v be 63/6 - 18/(-12). Let t be 0 + 2 - 2*1. Let w = t - -3. Calculate the highest common divisor of w and v.
3
Let y(c) = -16*c**2 + 1. Let k be y(-1). Let r = 55 - k. What is the greatest common divisor of 10 and r?
10
Suppose 3*x + 496 = 2*r, 2*r - 4*x + 9*x = 528. Let q = r - 177. What is the greatest common divisor of 11 and q?
11
Let v be (-1 - -2)*(-1)/(-1). Suppose 0 = 4*x + v - 25. Calculate the greatest common factor of 42 and x.
6
Suppose -28 = q - 2*q. Suppose -4*z = 5*x + 3 - 9, -4*x - 24 = -4*z. What is the highest common divisor of z and q?
4
Suppose 1 - 7 = -m + 4*d, -15 = -5*d. Let c be 10/20*(-792)/(-2). Calculate the highest common divisor of m and c.
18
Suppose -3*x + 5*d = 16, x + 5*d - 28 = -0*d. Suppose -35 - 67 = -x*r. What is the greatest common divisor of 85 and r?
17
Let k(c) = -9*c**2. Let p be k(1). Let m = p + 25. Let t(z) = z**3 - 14*z**2 + 2*z - 12. Let v be t(14). Calculate the highest common factor of m and v.
16
Suppose 30 = -5*x + 100. Suppose 4*c = x + 18. Let z(p) = -17*p - 13. Let q be z(-5). What is the highest common divisor of c and q?
8
Let j(d) = 5*d + 1. Let n be j(1). Let x be ((-9)/n + 1)*0. Suppose x = 3*h + h - r - 5, -3*r + 1 = -4*h. What is the greatest common divisor of h and 10?
2
Suppose 12 = 2*n + 2, -4*b + 49 = n. Calculate the greatest common divisor of 11 and b.
11
Let l(q) = 3*q**2 + 7. Let y be l(-3). Calculate the greatest common divisor of y and 51.
17
Let o = 53 + -24. Suppose -d + o + 27 = 0. What is the greatest common divisor of 8 and d?
8
Suppose -185 = -3*k - 2*n - 2*n, 0 = -k + 5*n + 68. What is the greatest common factor of k and 42?
21
Let x = 62 - 20. Calculate the highest common divisor of 105 and x.
21
Let n be 2/(-6)*(-17 + -10). What is the highest common factor of n and 144?
9
Let a = -76 - -197. Calculate the highest common factor of 11 and a.
11
Let i(m) = -2*m**2 + m**2 + 4*m - m**2 + m**2 + 4. Let t be i(4). Let a be ((-30)/t)/((-9)/24). Calculate the highest common factor of 30 and a.
10
Let y(t) = 3*t**2 + 7*t + 4. Let o be y(-6). Suppose x - 5*w + 53 = 0, -5*w - 6 = x - 3. Let m = x - -42. Calculate the greatest common factor of m and o.
14
Let p = 25 - 18. Calculate the highest common divisor of p and 56.
7
Let r = 19 + -13. Let g(a) = a**3 - 4*a**2 - 8*a - 4. Let l be g(r). What is the highest common divisor of l and 30?
10
Suppose 49 = -2*q - 41. Let y = 54 - q. Let u(b) = 3*b. Let m be u(3). Calculate the highest common factor of m and y.
9
Suppose 27 = -3*t + 6*t + 2*h, 2*h = 0. Let b = t + -7. Suppose 5*n = 2*z + 2*z + 194, -z - 80 = -b*n. Calculate the g